3833
What is the greatest common divisor of 33026 and 73466?
674
What is the highest common divisor of 27503572 and 2192?
548
Calculate the greatest common factor of 661691040 and 1440.
480
What is the greatest common factor of 23073424 and 99572?
1364
What is the highest common factor of 2210 and 3221023?
13
What is the highest common divisor of 6143905 and 209035?
2155
Calculate the highest common divisor of 41296 and 30513472.
1424
Calculate the highest common factor of 32718477 and 99.
33
Calculate the highest common divisor of 1940 and 45609788.
388
Calculate the highest common factor of 25800 and 62.
2
What is the highest common divisor of 2948530 and 351130?
4810
What is the highest common divisor of 5198 and 108146?
46
Calculate the highest common divisor of 49490790 and 20.
10
What is the greatest common divisor of 209925 and 56025?
675
Calculate the highest common factor of 16890 and 8593632.
3378
What is the greatest common factor of 56122059 and 1302?
651
What is the highest common factor of 79706 and 34298?
22
What is the greatest common factor of 178540 and 212036?
316
What is the greatest common factor of 161 and 443617307?
161
Calculate the greatest common factor of 1994976 and 2556.
36
Calculate the highest common factor of 62624 and 72557732.
7828
Calculate the highest common factor of 7622197 and 1089.
11
Calculate the greatest common factor of 19086 and 677813842.
6362
Calculate the highest common divisor of 68 and 111361118.
34
What is the highest common divisor of 63949976 and 440?
8
What is the highest common divisor of 696747 and 1964701?
6277
What is the highest common factor of 263853 and 1368?
171
Calculate the greatest common factor of 96144 and 3672.
24
What is the highest common divisor of 1625599 and 10921?
163
What is the highest common divisor of 241987 and 1354505?
61
What is the greatest common divisor of 536 and 114960476?
268
What is the greatest common divisor of 52 and 534190852?
52
What is the highest common factor of 1811240 and 235?
5
What is the highest common factor of 2147669296 and 8126?
8126
Calculate the greatest common factor of 40 and 25105.
5
Calculate the highest common factor of 3968008 and 1273.
67
Calculate the highest common factor of 845 and 3957473.
169
Calculate the highest common factor of 28249 and 3431167.
2173
Calculate the highest common factor of 6 and 2029176.
6
Calculate the highest common factor of 122 and 60390305.
61
What is the highest common factor of 432927 and 27657?
9
What is the greatest common factor of 6111 and 379654023?
2037
What is the greatest common factor of 5182174 and 190?
38
What is the greatest common divisor of 97529 and 64753?
17
Calculate the highest common divisor of 6 and 8176659.
3
Calculate the greatest common factor of 3552 and 1716576.
96
What is the highest common factor of 5816 and 32145759?
727
What is the greatest common divisor of 54538 and 4715095?
407
Calculate the greatest common factor of 16800 and 87149475.
525
What is the highest common factor of 3689 and 2788187?
17
What is the highest common divisor of 295 and 765786665?
295
Calculate the highest common divisor of 7882668 and 1632.
12
Calculate the greatest common divisor of 168 and 192186.
6
What is the greatest common factor of 270 and 36022986?
18
What is the greatest common divisor of 85241856 and 2304?
768
Calculate the highest common factor of 37326696 and 340.
68
What is the greatest common factor of 19712 and 8729600?
2816
Calculate the highest common factor of 5399458 and 2114.
302
Calculate the greatest common divisor of 4074694 and 104.
26
What is the greatest common factor of 48582937 and 824?
103
Calculate the highest common factor of 55998 and 637023.
183
Calculate the greatest common factor of 52992 and 6870330.
414
What is the greatest common divisor of 14375 and 6614225?
575
What is the greatest common divisor of 19526486 and 14?
14
What is the highest common factor of 250 and 3488510?
10
Calculate the greatest common factor of 67680578 and 322.
14
Calculate the highest common divisor of 138744 and 449688.
984
Calculate the greatest common factor of 1311098 and 1593.
59
Calculate the highest common divisor of 4426758 and 15774.
1434
Calculate the greatest common divisor of 2655 and 4877784.
9
What is the highest common divisor of 24 and 20369676?
12
What is the highest common divisor of 609 and 5265501?
87
What is the greatest common factor of 132 and 223443759?
33
Calculate the greatest common factor of 32454275 and 1190.
595
Calculate the highest common factor of 10 and 8714716.
2
Calculate the highest common factor of 3263 and 1596109.
251
What is the highest common divisor of 5141297 and 47?
1
Calculate the greatest common factor of 32781382 and 2110.
422
Calculate the highest common factor of 1950299 and 1207.
71
Calculate the highest common factor of 1352 and 280943.
13
What is the highest common factor of 630504 and 15290?
278
Calculate the greatest common divisor of 773419 and 10225.
409
Calculate the highest common factor of 577467 and 27873.
171
What is the highest common factor of 3924 and 520848?
36
Calculate the highest common divisor of 685 and 521089775.
685
Calculate the highest common factor of 2263147 and 3150941.
7277
Calculate the highest common factor of 736 and 105092658.
46
What is the highest common factor of 969444 and 16128?
252
Calculate the greatest common divisor of 148 and 477048548.
148
Calculate the greatest common divisor of 68 and 5287672.
4
Calculate the greatest common divisor of 183012043 and 709.
709
What is the highest common divisor of 782308 and 149156?
3044
What is the greatest common divisor of 417484 and 18663588?
6844
Calculate the greatest common factor of 14742522 and 279.
9
Calculate the greatest common divisor of 4419584 and 5395.
1079
What is the highest common divisor of 352515321 and 9855?
1971
What is the greatest common divisor of 87270020 and 12560?
3140
Calculate the greatest common factor of 72 and 2494593.
9
Calculate the greatest common divisor of 19197 and 406060.
79
Calculate the greatest common divisor of 68709 and 1951707.
1857
What is the highest common factor of 342440 and 16?
8
Calculate the greatest common factor of 12 and 4734023952.
12
Calculate the greatest common divisor of 219 and 380640396.
219
Calculate the greatest common divisor of 143268560 and 90.
10
What is the highest common factor of 17 and 277466741?
17
What is the highest common factor of 3848 and 7156760?
104
What is the highest common divisor of 3638064 and 3792?
48
Calculate the highest common factor of 24747789 and 3573.
1191
What is the highest common factor of 1839976 and 9652?
508
What is the greatest common factor of 31670875 and 50?
25
What is the greatest common factor of 3772606739 and 1199?
1199
Calculate the highest common divisor of 8301218 and 2041.
157
What is the greatest common factor of 1103197 and 372?
31
What is the greatest common divisor of 1560 and 23776805?
65
Calculate the highest common divisor of 45038 and 2702.
14
What is the highest common divisor of 1955715 and 556689?
1623
Calculate the greatest common factor of 294743322 and 11304.
2826
What is the highest common factor of 337169 and 287?
7
What is the greatest common factor of 4210656 and 1242?
138
What is the greatest common factor of 1293677 and 169547?
371
What is the greatest common factor of 144904 and 1662856?
472
Calculate the highest common factor of 122380 and 219211.
29
What is the highest common factor of 38363 and 56538209?
2951
Calculate the greatest common factor of 13390396 and 60.
4
What is the highest common divisor of 295945831 and 7503?
2501
What is the greatest common divisor of 27416 and 495328?
184
Calculate the greatest common divisor of 218 and 576956293.
109
Calculate the greatest common divisor of 27044 and 39384.
4
What is the highest common factor of 40757 and 1484939?
769
Calculate the greatest common divisor of 8010981 and 162.
81
Calculate the highest common factor of 16992 and 59474124.
2124
Calculate the greatest common divisor of 199210 and 4048.
22
What is the highest common factor of 16920 and 7704?
72
Calculate the greatest common divisor of 843 and 774910047.
843
Calculate the highest common factor of 6385 and 7